{"id":3020,"date":"2023-02-26T17:30:53","date_gmt":"2023-02-26T15:30:53","guid":{"rendered":"https:\/\/lwlaw.cz\/o-mne\/"},"modified":"2023-06-24T00:56:15","modified_gmt":"2023-06-23T22:56:15","slug":"o-mne","status":"publish","type":"page","link":"https:\/\/lwlaw.cz\/cs\/o-mne\/","title":{"rendered":"O mn\u011b"},"content":{"rendered":"\t\t<div data-elementor-type=\"wp-page\" data-elementor-id=\"3020\" class=\"elementor elementor-3020 elementor-217\">\n\t\t\t\t\t\t\t<div class=\"elementor-element elementor-element-c9e7b9f e-con-boxed e-con\" data-id=\"c9e7b9f\" data-element_type=\"container\" data-settings=\"{&quot;content_width&quot;:&quot;boxed&quot;}\">\n\t\t\t\t\t<div class=\"e-con-inner\">\n\t\t\t\t<div class=\"elementor-element elementor-element-adffad3 elementor-widget elementor-widget-image\" data-id=\"adffad3\" data-element_type=\"widget\" data-widget_type=\"image.default\">\n\t\t\t\t<div class=\"elementor-widget-container\">\n\t\t\t<style>\/*! elementor - v3.12.2 - 23-04-2023 *\/\n.elementor-widget-image{text-align:center}.elementor-widget-image a{display:inline-block}.elementor-widget-image a img[src$=\".svg\"]{width:48px}.elementor-widget-image img{vertical-align:middle;display:inline-block}<\/style>\t\t\t\t\t\t\t\t\t\t\t\t<img decoding=\"async\" width=\"640\" height=\"427\" src=\"https:\/\/lwlaw.cz\/wp-content\/uploads\/2023\/05\/2-768x512.jpeg\" class=\"attachment-medium_large size-medium_large wp-image-3160\" alt=\"\" loading=\"lazy\" srcset=\"https:\/\/lwlaw.cz\/wp-content\/uploads\/2023\/05\/2-768x512.jpeg 768w, https:\/\/lwlaw.cz\/wp-content\/uploads\/2023\/05\/2-300x200.jpeg 300w, https:\/\/lwlaw.cz\/wp-content\/uploads\/2023\/05\/2-1024x683.jpeg 1024w, https:\/\/lwlaw.cz\/wp-content\/uploads\/2023\/05\/2-1536x1024.jpeg 1536w, https:\/\/lwlaw.cz\/wp-content\/uploads\/2023\/05\/2-2048x1366.jpeg 2048w\" sizes=\"(max-width: 640px) 100vw, 640px\" \/>\t\t\t\t\t\t\t\t\t\t\t\t\t\t\t<\/div>\n\t\t\t\t<\/div>\n\t\t\t\t\t<\/div>\n\t\t\t\t<\/div>\n\t\t\t\t<section class=\"elementor-section elementor-top-section elementor-element elementor-element-5966e5ae elementor-section-boxed elementor-section-height-default elementor-section-height-default\" data-id=\"5966e5ae\" data-element_type=\"section\">\n\t\t\t\t\t\t<div class=\"elementor-container elementor-column-gap-default\">\n\t\t\t\t\t<div class=\"elementor-column elementor-col-100 elementor-top-column elementor-element elementor-element-e123057\" data-id=\"e123057\" data-element_type=\"column\">\n\t\t\t<div class=\"elementor-widget-wrap elementor-element-populated\">\n\t\t\t\t\t\t\t\t<div class=\"elementor-element elementor-element-57197475 elementor-widget elementor-widget-text-editor\" data-id=\"57197475\" data-element_type=\"widget\" data-widget_type=\"text-editor.default\">\n\t\t\t\t<div class=\"elementor-widget-container\">\n\t\t\t<style>\/*! elementor - v3.12.2 - 23-04-2023 *\/\n.elementor-widget-text-editor.elementor-drop-cap-view-stacked .elementor-drop-cap{background-color:#69727d;color:#fff}.elementor-widget-text-editor.elementor-drop-cap-view-framed .elementor-drop-cap{color:#69727d;border:3px solid;background-color:transparent}.elementor-widget-text-editor:not(.elementor-drop-cap-view-default) .elementor-drop-cap{margin-top:8px}.elementor-widget-text-editor:not(.elementor-drop-cap-view-default) .elementor-drop-cap-letter{width:1em;height:1em}.elementor-widget-text-editor .elementor-drop-cap{float:left;text-align:center;line-height:1;font-size:50px}.elementor-widget-text-editor .elementor-drop-cap-letter{display:inline-block}<\/style>\t\t\t\t<p><span style=\"font-weight: 400;\">Pr\u00e1vn\u00ed praxi se v\u011bnuji od roku 2009. P\u0159ed zah\u00e1jen\u00edm samostatn\u00e9 praxe jsem sedm let p\u016fsobila v HAVEL &amp; PARTNERS \u2013 nejv\u011bt\u0161\u00ed \u010desko-slovensk\u00e9 advok\u00e1tn\u00ed kancel\u00e1\u0159i, t\u00e9m\u011b\u0159 \u010dty\u0159i roky v dal\u0161\u00edch p\u0159edn\u00edch \u010desk\u00fdch advok\u00e1tn\u00edch kancel\u00e1\u0159\u00edch a t\u0159i roky na pr\u00e1vn\u00edm odd\u011blen\u00ed nadn\u00e1rodn\u00edho \u0159et\u011bzce hypermarket\u016f Kaufland<\/span><\/p><p>B\u011bhem sv\u00e9ho p\u016fsoben\u00ed ve \u0161pi\u010dkov\u00fdch \u010desk\u00fdch advok\u00e1tn\u00edch kancel\u00e1\u0159\u00edch jsem byla kl\u00ed\u010dov\u00fdm \u00fa\u010dastn\u00edkem des\u00edtek velk\u00fdch realitn\u00edch a korpor\u00e1tn\u00edch akvizi\u010dn\u00edch transakc\u00ed, pr\u00e1vn\u00edch prov\u011brek a zakl\u00e1d\u00e1n\u00ed spole\u010dn\u00fdch podnik\u016f (<i>joint ventures<\/i><span style=\"font-weight: 400;\">). Krom\u011b toho m\u00e1m bohat\u00e9 zku\u0161enosti se zastupov\u00e1n\u00edm klient\u016f ve slo\u017eit\u00fdch p\u0159\u00edpadech \u2013 u soudu, p\u0159i mimosoudn\u00edch jedn\u00e1n\u00edch i p\u0159ed org\u00e1ny ve\u0159ejn\u00e9 moci.<\/span><\/p><p><span style=\"font-weight: 400;\">Od slo\u017een\u00ed advok\u00e1tn\u00ed zkou\u0161ky v roce 2016 jsem \u010dlenkou \u010cesk\u00e9 advok\u00e1tn\u00ed komory. Jsem absolventem Pr\u00e1vnick\u00e9 fakulty Univerzity Karlovy v Praze, kde jsem z\u00edskala magistersk\u00fd titul (Mgr.) v roce 2012 a doktorsk\u00fd titul (JUDr.) v roce 2021.<\/span><\/p><p><span style=\"font-weight: 400;\">Mluv\u00edm plynn\u011b anglicky, \u010desky a rusky a ve v\u0161ech t\u011bchto jazyc\u00edch mohu poskytnout komplexn\u00ed pr\u00e1vn\u00ed slu\u017eby a poradenstv\u00ed. M\u00e1m za sebou dlouholetou \u00fasp\u011b\u0161nou historii asistence klient\u016fm v pr\u00e1vn\u00edch v\u011bcech jak v \u010cesk\u00e9 republice, tak v zahrani\u010d\u00ed.<\/span><\/p>\t\t\t\t\t\t<\/div>\n\t\t\t\t<\/div>\n\t\t\t\t\t<\/div>\n\t\t<\/div>\n\t\t\t\t\t\t\t<\/div>\n\t\t<\/section>\n\t\t<div class=\"elementor-element elementor-element-f50daf4 e-con-boxed e-con\" data-id=\"f50daf4\" data-element_type=\"container\" data-settings=\"{&quot;content_width&quot;:&quot;boxed&quot;}\">\n\t\t\t\t\t<div class=\"e-con-inner\">\n\t\t<div class=\"elementor-element elementor-element-ff91f45 e-con-full e-con\" data-id=\"ff91f45\" data-element_type=\"container\" data-settings=\"{&quot;content_width&quot;:&quot;full&quot;}\">\n\t\t\t\t<div class=\"elementor-element elementor-element-c8cd267 elementor-widget elementor-widget-text-editor\" data-id=\"c8cd267\" data-element_type=\"widget\" data-widget_type=\"text-editor.default\">\n\t\t\t\t<div class=\"elementor-widget-container\">\n\t\t\t\t\t\t\t<p><strong style=\"font-size: 18px;\">Moje zku\u0161enosti zahrnuj\u00ed zejm\u00e9na tyto oblasti<\/strong><\/p><ul style=\"font-size: 14px;\"><li>ob\u010dansk\u00e9 pr\u00e1vo (smlouvy, d\u011bdictv\u00ed, n\u00e1hrady \u0161kody)<\/li><li>rodinn\u00e9 pr\u00e1vo (rozvod, z\u00e1le\u017eitosti t\u00fdkaj\u00edc\u00ed se nezletil\u00fdch, spole\u010dn\u00e9 jm\u011bn\u00ed man\u017eel\u016f)<\/li><li>pr\u00e1vo nemovitost\u00ed (ve\u0161ker\u00e9 slu\u017eby souvisej\u00edc\u00ed s n\u00e1kupem, prodejem nebo n\u00e1jmem)<\/li><li>pr\u00e1vo obchodn\u00edch spole\u010dnost\u00ed (zakl\u00e1d\u00e1n\u00ed obchodn\u00edch spole\u010dnost\u00ed, prov\u00e1d\u011bn\u00ed zm\u011bn obchodn\u00edch spole\u010dnost\u00ed)<\/li><li>obchodn\u00ed z\u00e1vazky (p\u0159\u00edprava, revize a anal\u00fdza obchodn\u00edch smluv)<\/li><li>\u0159e\u0161en\u00ed spor\u016f (soudn\u00ed i mimosoudn\u00ed)<\/li><li><strong><a href=\"https:\/\/lwlaw.cz\/cs\/sluzby\/\">v\u00edce zde<\/a><\/strong><\/li><\/ul>\t\t\t\t\t\t<\/div>\n\t\t\t\t<\/div>\n\t\t\t\t<\/div>\n\t\t<div class=\"elementor-element elementor-element-b136c37 e-con-full e-con\" data-id=\"b136c37\" data-element_type=\"container\" data-settings=\"{&quot;content_width&quot;:&quot;full&quot;}\">\n\t\t\t\t<div class=\"elementor-element elementor-element-33d07f6 elementor-widget elementor-widget-text-editor\" data-id=\"33d07f6\" data-element_type=\"widget\" data-widget_type=\"text-editor.default\">\n\t\t\t\t<div class=\"elementor-widget-container\">\n\t\t\t\t\t\t\t<p><strong style=\"font-size: 18px;\">Vice informac\u00ed o m\u011b:<\/strong><\/p><p><span style=\"font-size: 14px;\">\u25cf <a href=\"https:\/\/vyhledavac.cak.cz\/Contact\/Details\/51fb21a0-5b23-e711-80d5-00155d040b0c\">\u010cesk\u00e1 advok\u00e1tn\u00ed komora <\/a><\/span><\/p><p><strong>\u25cf Eviden\u010dn\u00ed \u010d\u00edslo \u010cAK<\/strong> <strong>:<\/strong> 17000<\/p><p><strong>\u25cf I\u010cO:<\/strong> 05018927<\/p><p><strong>\u25cf<\/strong> <a href=\"https:\/\/www.linkedin.com\/in\/judr-ludmila-winkel-ll-m-4a467833\/\">LinkedIn profile<\/a><\/p>\t\t\t\t\t\t<\/div>\n\t\t\t\t<\/div>\n\t\t\t\t<\/div>\n\t\t\t\t\t<\/div>\n\t\t\t\t<\/div>\n\t\t\t\t\t\t\t<\/div>\n\t\t","protected":false},"excerpt":{"rendered":"<p>Pr\u00e1vn\u00ed praxi se v\u011bnuji od roku 2009. P\u0159ed zah\u00e1jen\u00edm samostatn\u00e9 praxe jsem sedm let p\u016fsobila v HAVEL &amp; PARTNERS \u2013 nejv\u011bt\u0161\u00ed \u010desko-slovensk\u00e9 advok\u00e1tn\u00ed kancel\u00e1\u0159i, t\u00e9m\u011b\u0159&hellip;<\/p>\n","protected":false},"author":1,"featured_media":0,"parent":0,"menu_order":0,"comment_status":"closed","ping_status":"closed","template":"","meta":[],"_links":{"self":[{"href":"https:\/\/lwlaw.cz\/cs\/wp-json\/wp\/v2\/pages\/3020"}],"collection":[{"href":"https:\/\/lwlaw.cz\/cs\/wp-json\/wp\/v2\/pages"}],"about":[{"href":"https:\/\/lwlaw.cz\/cs\/wp-json\/wp\/v2\/types\/page"}],"author":[{"embeddable":true,"href":"https:\/\/lwlaw.cz\/cs\/wp-json\/wp\/v2\/users\/1"}],"replies":[{"embeddable":true,"href":"https:\/\/lwlaw.cz\/cs\/wp-json\/wp\/v2\/comments?post=3020"}],"version-history":[{"count":13,"href":"https:\/\/lwlaw.cz\/cs\/wp-json\/wp\/v2\/pages\/3020\/revisions"}],"predecessor-version":[{"id":3583,"href":"https:\/\/lwlaw.cz\/cs\/wp-json\/wp\/v2\/pages\/3020\/revisions\/3583"}],"wp:attachment":[{"href":"https:\/\/lwlaw.cz\/cs\/wp-json\/wp\/v2\/media?parent=3020"}],"curies":[{"name":"wp","href":"https:\/\/api.w.org\/{rel}","templated":true}]}}

O mně

<div data-elementor-type="wp-page" data-elementor-id="3020" class="elementor elementor-3020 elementor-217">
							<div class="elementor-element elementor-element-c9e7b9f e-con-boxed e-con" data-id="c9e7b9f" data-element_type="container" data-settings="{&quot;content_width&quot;:&quot;boxed&quot;}">
					<div class="e-con-inner">
				<div class="elementor-element elementor-element-adffad3 elementor-widget elementor-widget-image" data-id="adffad3" data-element_type="widget" data-widget_type="image.default">
				<div class="elementor-widget-container">
			<style>/*! elementor - v3.12.2 - 23-04-2023 */
.elementor-widget-image{text-align:center}.elementor-widget-image a{display:inline-block}.elementor-widget-image a img[src$=".svg"]{width:48px}.elementor-widget-image img{vertical-align:middle;display:inline-block}</style>												<img decoding="async" width="640" height="427" src="https://lwlaw.cz/wp-content/uploads/2023/05/2-768x512.jpeg" class="attachment-medium_large size-medium_large wp-image-3160" alt="" loading="lazy" srcset="https://lwlaw.cz/wp-content/uploads/2023/05/2-768x512.jpeg 768w, https://lwlaw.cz/wp-content/uploads/2023/05/2-300x200.jpeg 300w, https://lwlaw.cz/wp-content/uploads/2023/05/2-1024x683.jpeg 1024w, https://lwlaw.cz/wp-content/uploads/2023/05/2-1536x1024.jpeg 1536w, https://lwlaw.cz/wp-content/uploads/2023/05/2-2048x1366.jpeg 2048w" sizes="(max-width: 640px) 100vw, 640px" />															</div>
				</div>
					</div>
				</div>
				<section class="elementor-section elementor-top-section elementor-element elementor-element-5966e5ae elementor-section-boxed elementor-section-height-default elementor-section-height-default" data-id="5966e5ae" data-element_type="section">
						<div class="elementor-container elementor-column-gap-default">
					<div class="elementor-column elementor-col-100 elementor-top-column elementor-element elementor-element-e123057" data-id="e123057" data-element_type="column">
			<div class="elementor-widget-wrap elementor-element-populated">
								<div class="elementor-element elementor-element-57197475 elementor-widget elementor-widget-text-editor" data-id="57197475" data-element_type="widget" data-widget_type="text-editor.default">
				<div class="elementor-widget-container">
			<style>/*! elementor - v3.12.2 - 23-04-2023 */
.elementor-widget-text-editor.elementor-drop-cap-view-stacked .elementor-drop-cap{background-color:#69727d;color:#fff}.elementor-widget-text-editor.elementor-drop-cap-view-framed .elementor-drop-cap{color:#69727d;border:3px solid;background-color:transparent}.elementor-widget-text-editor:not(.elementor-drop-cap-view-default) .elementor-drop-cap{margin-top:8px}.elementor-widget-text-editor:not(.elementor-drop-cap-view-default) .elementor-drop-cap-letter{width:1em;height:1em}.elementor-widget-text-editor .elementor-drop-cap{float:left;text-align:center;line-height:1;font-size:50px}.elementor-widget-text-editor .elementor-drop-cap-letter{display:inline-block}</style>				<p><span style="font-weight: 400;">Právní praxi se věnuji od roku 2009. Před zahájením samostatné praxe jsem sedm let působila v HAVEL &amp; PARTNERS – největší česko-slovenské advokátní kanceláři, téměř čtyři roky v dalších předních českých advokátních kancelářích a tři roky na právním oddělení nadnárodního řetězce hypermarketů Kaufland</span></p><p>Během svého působení ve špičkových českých advokátních kancelářích jsem byla klíčovým účastníkem desítek velkých realitních a korporátních akvizičních transakcí, právních prověrek a zakládání společných podniků (<i>joint ventures</i><span style="font-weight: 400;">). Kromě toho mám bohaté zkušenosti se zastupováním klientů ve složitých případech – u soudu, při mimosoudních jednáních i před orgány veřejné moci.</span></p><p><span style="font-weight: 400;">Od složení advokátní zkoušky v roce 2016 jsem členkou České advokátní komory. Jsem absolventem Právnické fakulty Univerzity Karlovy v Praze, kde jsem získala magisterský titul (Mgr.) v roce 2012 a doktorský titul (JUDr.) v roce 2021.</span></p><p><span style="font-weight: 400;">Mluvím plynně anglicky, česky a rusky a ve všech těchto jazycích mohu poskytnout komplexní právní služby a poradenství. Mám za sebou dlouholetou úspěšnou historii asistence klientům v právních věcech jak v České republice, tak v zahraničí.</span></p>						</div>
				</div>
					</div>
		</div>
							</div>
		</section>
		<div class="elementor-element elementor-element-f50daf4 e-con-boxed e-con" data-id="f50daf4" data-element_type="container" data-settings="{&quot;content_width&quot;:&quot;boxed&quot;}">
					<div class="e-con-inner">
		<div class="elementor-element elementor-element-ff91f45 e-con-full e-con" data-id="ff91f45" data-element_type="container" data-settings="{&quot;content_width&quot;:&quot;full&quot;}">
				<div class="elementor-element elementor-element-c8cd267 elementor-widget elementor-widget-text-editor" data-id="c8cd267" data-element_type="widget" data-widget_type="text-editor.default">
				<div class="elementor-widget-container">
							<p><strong style="font-size: 18px;">Moje zkušenosti zahrnují zejména tyto oblasti</strong></p><ul style="font-size: 14px;"><li>občanské právo (smlouvy, dědictví, náhrady škody)</li><li>rodinné právo (rozvod, záležitosti týkající se nezletilých, společné jmění manželů)</li><li>právo nemovitostí (veškeré služby související s nákupem, prodejem nebo nájmem)</li><li>právo obchodních společností (zakládání obchodních společností, provádění změn obchodních společností)</li><li>obchodní závazky (příprava, revize a analýza obchodních smluv)</li><li>řešení sporů (soudní i mimosoudní)</li><li><strong><a href="https://lwlaw.cz/cs/sluzby/">více zde</a></strong></li></ul>						</div>
				</div>
				</div>
		<div class="elementor-element elementor-element-b136c37 e-con-full e-con" data-id="b136c37" data-element_type="container" data-settings="{&quot;content_width&quot;:&quot;full&quot;}">
				<div class="elementor-element elementor-element-33d07f6 elementor-widget elementor-widget-text-editor" data-id="33d07f6" data-element_type="widget" data-widget_type="text-editor.default">
				<div class="elementor-widget-container">
							<p><strong style="font-size: 18px;">Vice informací o mě:</strong></p><p><span style="font-size: 14px;">● <a href="https://vyhledavac.cak.cz/Contact/Details/51fb21a0-5b23-e711-80d5-00155d040b0c">Česká advokátní komora </a></span></p><p><strong>● Evidenční číslo ČAK</strong> <strong>:</strong> 17000</p><p><strong>● IČO:</strong> 05018927</p><p><strong>●</strong> <a href="https://www.linkedin.com/in/judr-ludmila-winkel-ll-m-4a467833/">LinkedIn profile</a></p>						</div>
				</div>
				</div>
					</div>
				</div>
							</div>

<p>Právní praxi se věnuji od roku 2009. Před zahájením samostatné praxe jsem sedm let působila v HAVEL &amp; PARTNERS – největší česko-slovenské advokátní kanceláři, téměř&hellip;</p>
